{"id":17560,"date":"2024-04-11T12:43:22","date_gmt":"2024-04-11T15:43:22","guid":{"rendered":"https:\/\/gilbertocampelo.com.br\/vendas\/?post_type=product&#038;p=17560"},"modified":"2024-04-14T12:38:41","modified_gmt":"2024-04-14T15:38:41","slug":"pre-fms-disciplinas-basicas-ead-pos-edital","status":"publish","type":"product","link":"https:\/\/gilbertocampelo.com.br\/vendas\/produto\/pre-fms-disciplinas-basicas-ead-pos-edital\/","title":{"rendered":"Pr\u00e9-FMS | Disciplinas b\u00e1sicas EAD P\u00f3s edital"},"content":{"rendered":"<p>PR\u00c9-FMS \/ DISCIPLINAS B\u00c1SICAS &#8211; COMUNS A TODOS AS<br \/>\n664 vagas distribu\u00eddas entre os CARGOS ofertados.<\/p>\n<p>\ud83c\udfaf In\u00edcio: 22\/04 &#8211; Dura\u00e7\u00e3o: 7 semanas<\/p>\n<p>\u25a0 Portugu\u00eas<br \/>\n\u25a0 Racioc\u00ednio L\u00f3gico<br \/>\n\u25a0 Legisla\u00e7\u00e3o do SUS.<br \/>\n\u25a0 Estatuto dos Servidores P\u00fablicos.<br \/>\n\u25a0 REDA\u00c7\u00c3O<\/p>\n<p>CURSO ON-LINE\/EAD: as aulas ao vivo no turno da noite ( das 18h50 \u00e0s 21h50) ficam gravadas na plataforma para o aluno assistir quando puder e quantas vezes quiser, at\u00e9 a v\u00e9spera da prova. Material did\u00e1tico com conte\u00fado e quest\u00f5es em PDF na plataforma.<\/p>\n<p>Investimento: R$ 300,00 \u00e0 vista ou R$ 339,18 em 6 X 56,83 no cart\u00e3o, sem entrada.<\/p>\n","protected":false},"excerpt":{"rendered":"<p>PR\u00c9-FMS \/ DISCIPLINAS B\u00c1SICAS &#8211; COMUNS A TODOS AS<br \/>\n664 vagas distribu\u00eddas entre os CARGOS ofertados.<\/p>\n<p>\ud83c\udfaf In\u00edcio: 22\/04 &#8211; Dura\u00e7\u00e3o: 7 semanas<\/p>\n<p>\u25a0 Portugu\u00eas<br \/>\n\u25a0 Racioc\u00ednio L\u00f3gico<br \/>\n\u25a0 Legisla\u00e7\u00e3o do SUS.<br \/>\n\u25a0 Estatuto dos Servidores P\u00fablicos.<br \/>\n\u25a0 REDA\u00c7\u00c3O<\/p>\n","protected":false},"featured_media":0,"template":"","meta":[],"product_brand":[],"product_cat":[22],"product_tag":[],"class_list":{"0":"post-17560","1":"product","2":"type-product","3":"status-publish","5":"product_cat-cursos-on-line","7":"first","8":"instock","9":"virtual","10":"sold-individually","11":"taxable","12":"purchasable","13":"product-type-simple"},"jetpack_sharing_enabled":true,"_links":{"self":[{"href":"https:\/\/gilbertocampelo.com.br\/vendas\/wp-json\/wp\/v2\/product\/17560","targetHints":{"allow":["GET"]}}],"collection":[{"href":"https:\/\/gilbertocampelo.com.br\/vendas\/wp-json\/wp\/v2\/product"}],"about":[{"href":"https:\/\/gilbertocampelo.com.br\/vendas\/wp-json\/wp\/v2\/types\/product"}],"wp:attachment":[{"href":"https:\/\/gilbertocampelo.com.br\/vendas\/wp-json\/wp\/v2\/media?parent=17560"}],"wp:term":[{"taxonomy":"product_brand","embeddable":true,"href":"https:\/\/gilbertocampelo.com.br\/vendas\/wp-json\/wp\/v2\/product_brand?post=17560"},{"taxonomy":"product_cat","embeddable":true,"href":"https:\/\/gilbertocampelo.com.br\/vendas\/wp-json\/wp\/v2\/product_cat?post=17560"},{"taxonomy":"product_tag","embeddable":true,"href":"https:\/\/gilbertocampelo.com.br\/vendas\/wp-json\/wp\/v2\/product_tag?post=17560"}],"curies":[{"name":"wp","href":"https:\/\/api.w.org\/{rel}","templated":true}]}}