{"id":15610,"date":"2024-02-15T22:22:47","date_gmt":"2024-02-16T01:22:47","guid":{"rendered":"https:\/\/gilbertocampelo.com.br\/vendas\/?post_type=product&#038;p=15610"},"modified":"2024-03-26T12:22:38","modified_gmt":"2024-03-26T15:22:38","slug":"pre-semec-ead-especifico-psicologia","status":"publish","type":"product","link":"https:\/\/gilbertocampelo.com.br\/vendas\/produto\/pre-semec-ead-especifico-psicologia\/","title":{"rendered":"PR\u00c9-SEMEC EAD \u2013 ESPECIFICO PSICOLOGIA"},"content":{"rendered":"<p>\ud83d\udccd A disciplina espec\u00edfica de PSICOLOGIA ser\u00e1 ministrada aos s\u00e1bados, das 14h20 \u00e0s 18h (completando o 3\u00b0 dia na semana).<\/p>\n","protected":false},"excerpt":{"rendered":"<p>PROFESSOR (2\u00b0 ciclo) DISCIPLINAS B\u00c1SICAS<\/p>\n","protected":false},"featured_media":15535,"template":"","meta":[],"product_brand":[],"product_cat":[22],"product_tag":[],"class_list":{"0":"post-15610","1":"product","2":"type-product","3":"status-publish","4":"has-post-thumbnail","6":"product_cat-cursos-on-line","8":"first","9":"instock","10":"virtual","11":"sold-individually","12":"taxable","13":"purchasable","14":"product-type-simple"},"jetpack_sharing_enabled":true,"_links":{"self":[{"href":"https:\/\/gilbertocampelo.com.br\/vendas\/wp-json\/wp\/v2\/product\/15610","targetHints":{"allow":["GET"]}}],"collection":[{"href":"https:\/\/gilbertocampelo.com.br\/vendas\/wp-json\/wp\/v2\/product"}],"about":[{"href":"https:\/\/gilbertocampelo.com.br\/vendas\/wp-json\/wp\/v2\/types\/product"}],"wp:featuredmedia":[{"embeddable":true,"href":"https:\/\/gilbertocampelo.com.br\/vendas\/wp-json\/wp\/v2\/media\/15535"}],"wp:attachment":[{"href":"https:\/\/gilbertocampelo.com.br\/vendas\/wp-json\/wp\/v2\/media?parent=15610"}],"wp:term":[{"taxonomy":"product_brand","embeddable":true,"href":"https:\/\/gilbertocampelo.com.br\/vendas\/wp-json\/wp\/v2\/product_brand?post=15610"},{"taxonomy":"product_cat","embeddable":true,"href":"https:\/\/gilbertocampelo.com.br\/vendas\/wp-json\/wp\/v2\/product_cat?post=15610"},{"taxonomy":"product_tag","embeddable":true,"href":"https:\/\/gilbertocampelo.com.br\/vendas\/wp-json\/wp\/v2\/product_tag?post=15610"}],"curies":[{"name":"wp","href":"https:\/\/api.w.org\/{rel}","templated":true}]}}