{"id":14434,"date":"2023-09-12T06:56:40","date_gmt":"2023-09-12T09:56:40","guid":{"rendered":"https:\/\/gilbertocampelo.com.br\/vendas\/?post_type=product&#038;p=14434"},"modified":"2023-09-12T07:01:32","modified_gmt":"2023-09-12T10:01:32","slug":"pre-guarda-municipal-de-barras-pi-ead","status":"publish","type":"product","link":"https:\/\/gilbertocampelo.com.br\/vendas\/produto\/pre-guarda-municipal-de-barras-pi-ead\/","title":{"rendered":"Pr\u00e9-Guarda Municipal Barras\/PI"},"content":{"rendered":"<p>\ud83c\udfaf in\u00edcio: 25 de setembro de 2023<br \/>\nAulas de segunda a sexta, das 18h50 \u00e0s 21h50.<br \/>\nDura\u00e7\u00e3o: 7 semanas.<\/p>\n<p>Todas as disciplinas: Portugu\u00eas: Gabriel, Racioc\u00ednio L\u00f3gico Matem\u00e1tico &#8211; Fernando, Inform\u00e1tica &#8211; Felipe Melo, Constitucional, D. Humanos e Ambiental &#8211; Danilo e Sarmento, Penal &#8211; Juciel, Administrativo &#8211; Fernando Cesar, Legisla\u00e7\u00e3o de Tr\u00e2nsito e Legisla\u00e7\u00e3o de Barras &#8211; Aquiles, Conhecimentos Locais &#8211; Edvar ou Sucupira.<\/p>\n<p>As aulas ao vivo \u00e0 noite ficam gravadas na plataforma at\u00e9 o dia da prova, para o aluno assistir quando puder e quantas vezes quiser.<\/p>\n","protected":false},"excerpt":{"rendered":"<p>\ud83c\udfaf in\u00edcio: 25 de setembro de 2023<br \/>\nAulas de segunda a sexta, das 18h50 \u00e0s 21h50.<br \/>\nDura\u00e7\u00e3o: 7 semanas.<\/p>\n<p>Todas as disciplinas: Portugu\u00eas: Gabriel, Racioc\u00ednio L\u00f3gico Matem\u00e1tico &#8211; Fernando, Inform\u00e1tica &#8211; Felipe Melo, Constitucional, D. Humanos e Ambiental &#8211; Danilo e Sarmento, Penal &#8211; Juciel, Administrativo &#8211; Fernando Cesar, Legisla\u00e7\u00e3o de Tr\u00e2nsito e Legisla\u00e7\u00e3o de Barras &#8211; Aquiles, Conhecimentos Locais &#8211; Edvar ou Sucupira.<\/p>\n<p>As aulas ao vivo \u00e0 noite ficam gravadas na plataforma at\u00e9 o dia da prova, para o aluno assistir quando puder e quantas vezes quiser.<\/p>\n","protected":false},"featured_media":14435,"template":"","meta":[],"product_brand":[],"product_cat":[22],"product_tag":[],"class_list":{"0":"post-14434","1":"product","2":"type-product","3":"status-publish","4":"has-post-thumbnail","6":"product_cat-cursos-on-line","8":"first","9":"instock","10":"virtual","11":"sold-individually","12":"taxable","13":"purchasable","14":"product-type-simple"},"jetpack_sharing_enabled":true,"_links":{"self":[{"href":"https:\/\/gilbertocampelo.com.br\/vendas\/wp-json\/wp\/v2\/product\/14434","targetHints":{"allow":["GET"]}}],"collection":[{"href":"https:\/\/gilbertocampelo.com.br\/vendas\/wp-json\/wp\/v2\/product"}],"about":[{"href":"https:\/\/gilbertocampelo.com.br\/vendas\/wp-json\/wp\/v2\/types\/product"}],"wp:featuredmedia":[{"embeddable":true,"href":"https:\/\/gilbertocampelo.com.br\/vendas\/wp-json\/wp\/v2\/media\/14435"}],"wp:attachment":[{"href":"https:\/\/gilbertocampelo.com.br\/vendas\/wp-json\/wp\/v2\/media?parent=14434"}],"wp:term":[{"taxonomy":"product_brand","embeddable":true,"href":"https:\/\/gilbertocampelo.com.br\/vendas\/wp-json\/wp\/v2\/product_brand?post=14434"},{"taxonomy":"product_cat","embeddable":true,"href":"https:\/\/gilbertocampelo.com.br\/vendas\/wp-json\/wp\/v2\/product_cat?post=14434"},{"taxonomy":"product_tag","embeddable":true,"href":"https:\/\/gilbertocampelo.com.br\/vendas\/wp-json\/wp\/v2\/product_tag?post=14434"}],"curies":[{"name":"wp","href":"https:\/\/api.w.org\/{rel}","templated":true}]}}