{"id":1265,"date":"2020-07-16T18:06:21","date_gmt":"2020-07-16T21:06:21","guid":{"rendered":"https:\/\/gilbertocampelo.com.br\/colegio\/?page_id=1265"},"modified":"2021-11-23T21:08:32","modified_gmt":"2021-11-24T00:08:32","slug":"curso-de-matematica-on-line-enem","status":"publish","type":"page","link":"https:\/\/gilbertocampelo.com.br\/colegio\/curso-de-matematica-on-line-enem\/","title":{"rendered":"Curso de Matem\u00e1tica On-line \/ Enem"},"content":{"rendered":"\t\t<div data-elementor-type=\"wp-post\" data-elementor-id=\"1265\" class=\"elementor elementor-1265\">\n\t\t\t\t\t\t<div class=\"elementor-inner\">\n\t\t\t\t<div class=\"elementor-section-wrap\">\n\t\t\t\t\t\t\t\t\t<section class=\"elementor-section elementor-top-section elementor-element elementor-element-0e5191b elementor-section-stretched elementor-section-boxed elementor-section-height-default elementor-section-height-default\" data-id=\"0e5191b\" data-element_type=\"section\" data-settings=\"{&quot;stretch_section&quot;:&quot;section-stretched&quot;}\">\n\t\t\t\t\t\t<div class=\"elementor-container elementor-column-gap-default\">\n\t\t\t\t\t\t\t<div class=\"elementor-row\">\n\t\t\t\t\t<div class=\"elementor-column elementor-col-100 elementor-top-column elementor-element elementor-element-01c19a0\" data-id=\"01c19a0\" data-element_type=\"column\">\n\t\t\t<div class=\"elementor-column-wrap elementor-element-populated\">\n\t\t\t\t\t\t\t<div class=\"elementor-widget-wrap\">\n\t\t\t\t\t\t<div class=\"elementor-element elementor-element-10644dd elementor-widget-divider--view-line elementor-widget elementor-widget-divider\" data-id=\"10644dd\" data-element_type=\"widget\" data-widget_type=\"divider.default\">\n\t\t\t\t<div class=\"elementor-widget-container\">\n\t\t\t\t\t<div class=\"elementor-divider\">\n\t\t\t<span class=\"elementor-divider-separator\">\n\t\t\t\t\t\t<\/span>\n\t\t<\/div>\n\t\t\t\t<\/div>\n\t\t\t\t<\/div>\n\t\t\t\t\t\t<\/div>\n\t\t\t\t\t<\/div>\n\t\t<\/div>\n\t\t\t\t\t\t\t\t<\/div>\n\t\t\t\t\t<\/div>\n\t\t<\/section>\n\t\t\t\t<section class=\"elementor-section elementor-top-section elementor-element elementor-element-929dfaf elementor-section-boxed elementor-section-height-default elementor-section-height-default\" data-id=\"929dfaf\" data-element_type=\"section\">\n\t\t\t\t\t\t<div class=\"elementor-container elementor-column-gap-default\">\n\t\t\t\t\t\t\t<div class=\"elementor-row\">\n\t\t\t\t\t<div class=\"elementor-column elementor-col-100 elementor-top-column elementor-element elementor-element-a8f8af1\" data-id=\"a8f8af1\" data-element_type=\"column\">\n\t\t\t<div class=\"elementor-column-wrap elementor-element-populated\">\n\t\t\t\t\t\t\t<div class=\"elementor-widget-wrap\">\n\t\t\t\t\t\t<section class=\"elementor-section elementor-inner-section elementor-element elementor-element-1ad0c84 elementor-section-boxed elementor-section-height-default elementor-section-height-default\" data-id=\"1ad0c84\" data-element_type=\"section\">\n\t\t\t\t\t\t<div class=\"elementor-container elementor-column-gap-default\">\n\t\t\t\t\t\t\t<div class=\"elementor-row\">\n\t\t\t\t\t<div class=\"elementor-column elementor-col-50 elementor-inner-column elementor-element elementor-element-1b93713\" data-id=\"1b93713\" data-element_type=\"column\">\n\t\t\t<div class=\"elementor-column-wrap elementor-element-populated\">\n\t\t\t\t\t\t\t<div class=\"elementor-widget-wrap\">\n\t\t\t\t\t\t<div class=\"elementor-element elementor-element-fc63031 elementor-widget elementor-widget-text-editor\" data-id=\"fc63031\" data-element_type=\"widget\" data-widget_type=\"text-editor.default\">\n\t\t\t\t<div class=\"elementor-widget-container\">\n\t\t\t\t\t\t\t\t<div class=\"elementor-text-editor elementor-clearfix\">\n\t\t\t\t<p><span style=\"color: #000000;\">Curso de MATEM\u00c1TICA ON-LINE para o ENEM 2020, \u00e0s ter\u00e7as, das 15h \u00e0s 17h, com o professor Nychoolas Gomes.<\/span><\/p><p><span style=\"color: #000000;\">O CURSO contemplar\u00e1 toda a programa\u00e7\u00e3o do ENEM, com foco em quest\u00f5es, no per\u00edodo de 11\/08\/2020 a 22\/12\/2020, totalizando 20 encontros<\/span><\/p><p><span style=\"color: #000000;\">As aulas ser\u00e3o ao vivo e ficar\u00e3o dispon\u00edveis (gravadas) para o aluno assistir na hora que quiser. Haver\u00e1 material em pdf com conte\u00fado e quest\u00f5es na plataforma.<\/span><\/p><p><span style=\"color: #000000;\">Link para a matr\u00edcula on-line abaixo<br \/><\/span><\/p>\t\t\t\t\t<\/div>\n\t\t\t\t\t\t<\/div>\n\t\t\t\t<\/div>\n\t\t\t\t<div class=\"elementor-element elementor-element-cc26ef3 elementor-widget elementor-widget-price-table\" data-id=\"cc26ef3\" data-element_type=\"widget\" data-widget_type=\"price-table.default\">\n\t\t\t\t<div class=\"elementor-widget-container\">\n\t\t\t\n\t\t<div class=\"elementor-price-table\">\n\t\t\t\t\t\t\t<div class=\"elementor-price-table__header\">\n\t\t\t\t\t\t\t\t\t\t\t<h3 class=\"elementor-price-table__heading\">\n\t\t\t\t\t\tInvestimento\t\t\t\t\t\t<\/h3>\n\t\t\t\t\t\n\t\t\t\t\t\t\t\t\t<\/div>\n\t\t\t\n\t\t\t<div class=\"elementor-price-table__price\">\n\t\t\t\t\t\t\t\t<span class=\"elementor-price-table__currency\">R$<\/span>\t\t\t\t\t\t\t\t\t<span class=\"elementor-price-table__integer-part\">\n\t\t\t\t\t\t190\t\t\t\t\t<\/span>\n\t\t\t\t\n\t\t\t\t\t\t\t\t\t<div class=\"elementor-price-table__after-price\">\n\t\t\t\t\t\t<span class=\"elementor-price-table__fractional-part\">\n\t\t\t\t\t\t\t00\t\t\t\t\t\t<\/span>\n\n\t\t\t\t\t\t\t\t\t\t\t<\/div>\n\t\t\t\t\n\t\t\t\t\n\t\t\t\t\t\t\t\t\t<span class=\"elementor-price-table__period elementor-typo-excluded\">em 5x R$ 41,48 no cart\u00e3o<\/span>\t\t\t\t\t\t\t<\/div>\n\n\t\t\t\t\t\t\t<ul class=\"elementor-price-table__features-list\">\n\t\t\t\t\t\t\t\t\t\t\t<li class=\"elementor-repeater-item-be3b751\">\n\t\t\t\t\t\t\t<div class=\"elementor-price-table__feature-inner\">\n\t\t\t\t\t\t\t\t\t\t\t\t\t\t\t\t&nbsp;\t\t\t\t\t\t\t<\/div>\n\t\t\t\t\t\t<\/li>\n\t\t\t\t\t\t\t\t\t<\/ul>\n\t\t\t\n\t\t\t\t\t<\/div>\n\n\t\t\t\t<\/div>\n\t\t\t\t<\/div>\n\t\t\t\t<div class=\"elementor-element elementor-element-dfeb47d elementor-align-center elementor-widget elementor-widget-button\" data-id=\"dfeb47d\" data-element_type=\"widget\" data-widget_type=\"button.default\">\n\t\t\t\t<div class=\"elementor-widget-container\">\n\t\t\t\t\t<div class=\"elementor-button-wrapper\">\n\t\t\t<a href=\"http:\/\/colegiogc.apalx.com\/matricula\" class=\"elementor-button-link elementor-button elementor-size-sm elementor-animation-grow\" role=\"button\">\n\t\t\t\t\t\t<span class=\"elementor-button-content-wrapper\">\n\t\t\t\t\t\t<span class=\"elementor-button-text\">Compre J\u00e1<\/span>\n\t\t<\/span>\n\t\t\t\t\t<\/a>\n\t\t<\/div>\n\t\t\t\t<\/div>\n\t\t\t\t<\/div>\n\t\t\t\t\t\t<\/div>\n\t\t\t\t\t<\/div>\n\t\t<\/div>\n\t\t\t\t<div class=\"elementor-column elementor-col-50 elementor-inner-column elementor-element elementor-element-0ad0e98\" data-id=\"0ad0e98\" data-element_type=\"column\">\n\t\t\t<div class=\"elementor-column-wrap elementor-element-populated\">\n\t\t\t\t\t\t\t<div class=\"elementor-widget-wrap\">\n\t\t\t\t\t\t<div class=\"elementor-element elementor-element-5a6ca56 elementor-widget elementor-widget-image\" data-id=\"5a6ca56\" data-element_type=\"widget\" data-widget_type=\"image.default\">\n\t\t\t\t<div class=\"elementor-widget-container\">\n\t\t\t\t\t\t\t\t<div class=\"elementor-image\">\n\t\t\t\t\t\t\t\t\t\t\t\t<img decoding=\"async\" width=\"812\" height=\"812\" src=\"https:\/\/gilbertocampelo.com.br\/colegio\/wp-content\/uploads\/2020\/07\/CURSO-DE-MATEMATICA-1024x1024.png\" class=\"attachment-large size-large wp-image-1284\" alt=\"\" loading=\"lazy\" srcset=\"https:\/\/gilbertocampelo.com.br\/colegio\/wp-content\/uploads\/2020\/07\/CURSO-DE-MATEMATICA-1024x1024.png 1024w, https:\/\/gilbertocampelo.com.br\/colegio\/wp-content\/uploads\/2020\/07\/CURSO-DE-MATEMATICA-300x300.png 300w, https:\/\/gilbertocampelo.com.br\/colegio\/wp-content\/uploads\/2020\/07\/CURSO-DE-MATEMATICA-150x150.png 150w, https:\/\/gilbertocampelo.com.br\/colegio\/wp-content\/uploads\/2020\/07\/CURSO-DE-MATEMATICA-768x768.png 768w, https:\/\/gilbertocampelo.com.br\/colegio\/wp-content\/uploads\/2020\/07\/CURSO-DE-MATEMATICA-1536x1536.png 1536w, https:\/\/gilbertocampelo.com.br\/colegio\/wp-content\/uploads\/2020\/07\/CURSO-DE-MATEMATICA-2048x2048.png 2048w\" sizes=\"(max-width: 812px) 100vw, 812px\" \/>\t\t\t\t\t\t\t\t\t\t\t\t\t\t<\/div>\n\t\t\t\t\t\t<\/div>\n\t\t\t\t<\/div>\n\t\t\t\t\t\t<\/div>\n\t\t\t\t\t<\/div>\n\t\t<\/div>\n\t\t\t\t\t\t\t\t<\/div>\n\t\t\t\t\t<\/div>\n\t\t<\/section>\n\t\t\t\t\t\t<\/div>\n\t\t\t\t\t<\/div>\n\t\t<\/div>\n\t\t\t\t\t\t\t\t<\/div>\n\t\t\t\t\t<\/div>\n\t\t<\/section>\n\t\t\t\t<section class=\"elementor-section elementor-top-section elementor-element elementor-element-9034e26 elementor-section-boxed elementor-section-height-default elementor-section-height-default\" data-id=\"9034e26\" data-element_type=\"section\">\n\t\t\t\t\t\t<div class=\"elementor-container elementor-column-gap-default\">\n\t\t\t\t\t\t\t<div class=\"elementor-row\">\n\t\t\t\t\t<div class=\"elementor-column elementor-col-100 elementor-top-column elementor-element elementor-element-c93b58a\" data-id=\"c93b58a\" data-element_type=\"column\">\n\t\t\t<div class=\"elementor-column-wrap elementor-element-populated\">\n\t\t\t\t\t\t\t<div class=\"elementor-widget-wrap\">\n\t\t\t\t\t\t<div class=\"elementor-element elementor-element-726880a elementor-widget elementor-widget-text-editor\" data-id=\"726880a\" data-element_type=\"widget\" data-widget_type=\"text-editor.default\">\n\t\t\t\t<div class=\"elementor-widget-container\">\n\t\t\t\t\t\t\t\t<div class=\"elementor-text-editor elementor-clearfix\">\n\t\t\t\t<h1 style=\"text-align: center;\"><strong><span style=\"color: #000000;\">INFORMA\u00c7\u00d5ES IMPORTANTES<\/span><\/strong><\/h1>\t\t\t\t\t<\/div>\n\t\t\t\t\t\t<\/div>\n\t\t\t\t<\/div>\n\t\t\t\t\t\t<\/div>\n\t\t\t\t\t<\/div>\n\t\t<\/div>\n\t\t\t\t\t\t\t\t<\/div>\n\t\t\t\t\t<\/div>\n\t\t<\/section>\n\t\t\t\t<section class=\"elementor-section elementor-top-section elementor-element elementor-element-c0498bb elementor-section-boxed elementor-section-height-default elementor-section-height-default\" data-id=\"c0498bb\" data-element_type=\"section\">\n\t\t\t\t\t\t<div class=\"elementor-container elementor-column-gap-default\">\n\t\t\t\t\t\t\t<div class=\"elementor-row\">\n\t\t\t\t\t<div class=\"elementor-column elementor-col-100 elementor-top-column elementor-element elementor-element-7fd9f7a\" data-id=\"7fd9f7a\" data-element_type=\"column\">\n\t\t\t<div class=\"elementor-column-wrap elementor-element-populated\">\n\t\t\t\t\t\t\t<div class=\"elementor-widget-wrap\">\n\t\t\t\t\t\t<div class=\"elementor-element elementor-element-dc8e4e8 elementor-widget elementor-widget-text-editor\" data-id=\"dc8e4e8\" data-element_type=\"widget\" data-widget_type=\"text-editor.default\">\n\t\t\t\t<div class=\"elementor-widget-container\">\n\t\t\t\t\t\t\t\t<div class=\"elementor-text-editor elementor-clearfix\">\n\t\t\t\t<p><span style=\"color: #000000;\"><b>QUANTO TEMPO EU TEREI PARA CONCLUIR O CURSO? <\/b><\/span><\/p><p><span style=\"color: #000000;\">\u00a0 O acesso a todos os v\u00eddeos e materiais do curso <b>podem variar de acordo com a programa\u00e7\u00e3o de<\/b> cada curso, que ter\u00e3o em suas defini\u00e7\u00f5es o per\u00edodo de tempo no pr\u00f3prio para conclus\u00e3o e ser acessado na plataforma. Ao final de cada CURSO o acesso o conte\u00fado ser\u00e1 automaticamente encerrado, incluindo o acesso ao portal.<\/span><\/p><p><span style=\"color: #000000;\"><b>\u00c9 PROIBIDO BAIXAR E REPRODUZIR O MATERIAL DESTE SITE<\/b><\/span><\/p><p><span style=\"color: #000000;\">A reprodu\u00e7\u00e3o total ou parcial dos v\u00eddeos e materiais\u00a0 aqui disponibilizados para o curso, s\u00e3o terminantemente proibidos e as san\u00e7\u00f5es legais ser\u00e3o aplicadas na forma da lei de propriedade intelectual.<\/span><\/p><p><span style=\"color: #000000;\"><b>O QUE \u00c9 PRECISO PARA ASSISTIR AS AULAS? <\/b><\/span><\/p><p><span style=\"color: #000000;\">\u00c9 necess\u00e1rio uma conex\u00e3o <b>banda larga de no m\u00ednimo 2Mbps <\/b>para e computador ou Smartphone\/Tablet que forne\u00e7a acesso \u00e0 internet e com recursos de \u00e1udio. A execu\u00e7\u00e3o dos v\u00eddeo gravados pode ser realizada nos navegadores: Edge, Firefox, Opera, Google Chrome e Safari e em sistemas operacionais Windows, Linux ou MacOSX. Para o os navegadores e sistemas operacionais devem estar atualizados e os equipamentos em bom estado de manuten\u00e7\u00e3o. A plataforma de transmiss\u00e3o ser\u00e1 a Google Meet, dispon\u00edvel para Android, IOS e Windows.<\/span><\/p>\t\t\t\t\t<\/div>\n\t\t\t\t\t\t<\/div>\n\t\t\t\t<\/div>\n\t\t\t\t\t\t<\/div>\n\t\t\t\t\t<\/div>\n\t\t<\/div>\n\t\t\t\t\t\t\t\t<\/div>\n\t\t\t\t\t<\/div>\n\t\t<\/section>\n\t\t\t\t\t\t\t\t\t<\/div>\n\t\t\t<\/div>\n\t\t\t\t\t<\/div>\n\t\t","protected":false},"excerpt":{"rendered":"<p>Curso de MATEM\u00c1TICA ON-LINE para o ENEM 2020, \u00e0s ter\u00e7as, das 15h \u00e0s 17h, com o professor Nychoolas Gomes. O CURSO contemplar\u00e1 toda a programa\u00e7\u00e3o do ENEM, com foco em quest\u00f5es, no per\u00edodo de 11\/08\/2020 a 22\/12\/2020, totalizando 20 encontros As aulas ser\u00e3o ao vivo e ficar\u00e3o dispon\u00edveis (gravadas) para o aluno assistir na hora [&hellip;]<\/p>\n","protected":false},"author":1,"featured_media":0,"parent":0,"menu_order":0,"comment_status":"closed","ping_status":"closed","template":"elementor_header_footer","meta":[],"yoast_head":"<!-- This site is optimized with the Yoast SEO plugin v19.13 - https:\/\/yoast.com\/wordpress\/plugins\/seo\/ -->\n<title>Curso de Matem\u00e1tica On-line \/ Enem - Col\u00e9gio Gilberto Campelo<\/title>\n<meta name=\"robots\" content=\"index, follow, max-snippet:-1, max-image-preview:large, max-video-preview:-1\" \/>\n<link rel=\"canonical\" href=\"https:\/\/gilbertocampelo.com.br\/colegio\/curso-de-matematica-on-line-enem\/\" \/>\n<meta property=\"og:locale\" content=\"pt_BR\" \/>\n<meta property=\"og:type\" content=\"article\" \/>\n<meta property=\"og:title\" content=\"Curso de Matem\u00e1tica On-line \/ Enem - Col\u00e9gio Gilberto Campelo\" \/>\n<meta property=\"og:description\" content=\"Curso de MATEM\u00c1TICA ON-LINE para o ENEM 2020, \u00e0s ter\u00e7as, das 15h \u00e0s 17h, com o professor Nychoolas Gomes. O CURSO contemplar\u00e1 toda a programa\u00e7\u00e3o do ENEM, com foco em quest\u00f5es, no per\u00edodo de 11\/08\/2020 a 22\/12\/2020, totalizando 20 encontros As aulas ser\u00e3o ao vivo e ficar\u00e3o dispon\u00edveis (gravadas) para o aluno assistir na hora [&hellip;]\" \/>\n<meta property=\"og:url\" content=\"https:\/\/gilbertocampelo.com.br\/colegio\/curso-de-matematica-on-line-enem\/\" \/>\n<meta property=\"og:site_name\" content=\"Col\u00e9gio Gilberto Campelo\" \/>\n<meta property=\"article:modified_time\" content=\"2021-11-24T00:08:32+00:00\" \/>\n<meta property=\"og:image\" content=\"https:\/\/gilbertocampelo.com.br\/colegio\/wp-content\/uploads\/2020\/07\/CURSO-DE-MATEMATICA-1024x1024.png\" \/>\n<meta name=\"twitter:card\" content=\"summary_large_image\" \/>\n<meta name=\"twitter:label1\" content=\"Est. tempo de leitura\" \/>\n\t<meta name=\"twitter:data1\" content=\"2 minutos\" \/>\n<script type=\"application\/ld+json\" class=\"yoast-schema-graph\">{\"@context\":\"https:\/\/schema.org\",\"@graph\":[{\"@type\":\"WebPage\",\"@id\":\"https:\/\/gilbertocampelo.com.br\/colegio\/curso-de-matematica-on-line-enem\/\",\"url\":\"https:\/\/gilbertocampelo.com.br\/colegio\/curso-de-matematica-on-line-enem\/\",\"name\":\"Curso de Matem\u00e1tica On-line \/ Enem - Col\u00e9gio Gilberto Campelo\",\"isPartOf\":{\"@id\":\"https:\/\/gilbertocampelo.com.br\/colegio\/#website\"},\"datePublished\":\"2020-07-16T21:06:21+00:00\",\"dateModified\":\"2021-11-24T00:08:32+00:00\",\"breadcrumb\":{\"@id\":\"https:\/\/gilbertocampelo.com.br\/colegio\/curso-de-matematica-on-line-enem\/#breadcrumb\"},\"inLanguage\":\"pt-BR\",\"potentialAction\":[{\"@type\":\"ReadAction\",\"target\":[\"https:\/\/gilbertocampelo.com.br\/colegio\/curso-de-matematica-on-line-enem\/\"]}]},{\"@type\":\"BreadcrumbList\",\"@id\":\"https:\/\/gilbertocampelo.com.br\/colegio\/curso-de-matematica-on-line-enem\/#breadcrumb\",\"itemListElement\":[{\"@type\":\"ListItem\",\"position\":1,\"name\":\"In\u00edcio\",\"item\":\"https:\/\/gilbertocampelo.com.br\/colegio\/\"},{\"@type\":\"ListItem\",\"position\":2,\"name\":\"Curso de Matem\u00e1tica On-line \/ Enem\"}]},{\"@type\":\"WebSite\",\"@id\":\"https:\/\/gilbertocampelo.com.br\/colegio\/#website\",\"url\":\"https:\/\/gilbertocampelo.com.br\/colegio\/\",\"name\":\"Col\u00e9gio Gilberto Campelo\",\"description\":\"Ensino Fundamental, M\u00e9dio e Pr\u00e9-Enem\",\"publisher\":{\"@id\":\"https:\/\/gilbertocampelo.com.br\/colegio\/#organization\"},\"potentialAction\":[{\"@type\":\"SearchAction\",\"target\":{\"@type\":\"EntryPoint\",\"urlTemplate\":\"https:\/\/gilbertocampelo.com.br\/colegio\/?s={search_term_string}\"},\"query-input\":\"required name=search_term_string\"}],\"inLanguage\":\"pt-BR\"},{\"@type\":\"Organization\",\"@id\":\"https:\/\/gilbertocampelo.com.br\/colegio\/#organization\",\"name\":\"Col\u00e9gio Gilberto Campelo\",\"url\":\"https:\/\/gilbertocampelo.com.br\/colegio\/\",\"logo\":{\"@type\":\"ImageObject\",\"inLanguage\":\"pt-BR\",\"@id\":\"https:\/\/gilbertocampelo.com.br\/colegio\/#\/schema\/logo\/image\/\",\"url\":\"https:\/\/gilbertocampelo.com.br\/colegio\/wp-content\/uploads\/2020\/02\/logo-gc-quadrada-amarela.png\",\"contentUrl\":\"https:\/\/gilbertocampelo.com.br\/colegio\/wp-content\/uploads\/2020\/02\/logo-gc-quadrada-amarela.png\",\"width\":1126,\"height\":1126,\"caption\":\"Col\u00e9gio Gilberto Campelo\"},\"image\":{\"@id\":\"https:\/\/gilbertocampelo.com.br\/colegio\/#\/schema\/logo\/image\/\"}}]}<\/script>\n<!-- \/ Yoast SEO plugin. -->","yoast_head_json":{"title":"Curso de Matem\u00e1tica On-line \/ Enem - Col\u00e9gio Gilberto Campelo","robots":{"index":"index","follow":"follow","max-snippet":"max-snippet:-1","max-image-preview":"max-image-preview:large","max-video-preview":"max-video-preview:-1"},"canonical":"https:\/\/gilbertocampelo.com.br\/colegio\/curso-de-matematica-on-line-enem\/","og_locale":"pt_BR","og_type":"article","og_title":"Curso de Matem\u00e1tica On-line \/ Enem - Col\u00e9gio Gilberto Campelo","og_description":"Curso de MATEM\u00c1TICA ON-LINE para o ENEM 2020, \u00e0s ter\u00e7as, das 15h \u00e0s 17h, com o professor Nychoolas Gomes. O CURSO contemplar\u00e1 toda a programa\u00e7\u00e3o do ENEM, com foco em quest\u00f5es, no per\u00edodo de 11\/08\/2020 a 22\/12\/2020, totalizando 20 encontros As aulas ser\u00e3o ao vivo e ficar\u00e3o dispon\u00edveis (gravadas) para o aluno assistir na hora [&hellip;]","og_url":"https:\/\/gilbertocampelo.com.br\/colegio\/curso-de-matematica-on-line-enem\/","og_site_name":"Col\u00e9gio Gilberto Campelo","article_modified_time":"2021-11-24T00:08:32+00:00","og_image":[{"url":"https:\/\/gilbertocampelo.com.br\/colegio\/wp-content\/uploads\/2020\/07\/CURSO-DE-MATEMATICA-1024x1024.png"}],"twitter_card":"summary_large_image","twitter_misc":{"Est. tempo de leitura":"2 minutos"},"schema":{"@context":"https:\/\/schema.org","@graph":[{"@type":"WebPage","@id":"https:\/\/gilbertocampelo.com.br\/colegio\/curso-de-matematica-on-line-enem\/","url":"https:\/\/gilbertocampelo.com.br\/colegio\/curso-de-matematica-on-line-enem\/","name":"Curso de Matem\u00e1tica On-line \/ Enem - Col\u00e9gio Gilberto Campelo","isPartOf":{"@id":"https:\/\/gilbertocampelo.com.br\/colegio\/#website"},"datePublished":"2020-07-16T21:06:21+00:00","dateModified":"2021-11-24T00:08:32+00:00","breadcrumb":{"@id":"https:\/\/gilbertocampelo.com.br\/colegio\/curso-de-matematica-on-line-enem\/#breadcrumb"},"inLanguage":"pt-BR","potentialAction":[{"@type":"ReadAction","target":["https:\/\/gilbertocampelo.com.br\/colegio\/curso-de-matematica-on-line-enem\/"]}]},{"@type":"BreadcrumbList","@id":"https:\/\/gilbertocampelo.com.br\/colegio\/curso-de-matematica-on-line-enem\/#breadcrumb","itemListElement":[{"@type":"ListItem","position":1,"name":"In\u00edcio","item":"https:\/\/gilbertocampelo.com.br\/colegio\/"},{"@type":"ListItem","position":2,"name":"Curso de Matem\u00e1tica On-line \/ Enem"}]},{"@type":"WebSite","@id":"https:\/\/gilbertocampelo.com.br\/colegio\/#website","url":"https:\/\/gilbertocampelo.com.br\/colegio\/","name":"Col\u00e9gio Gilberto Campelo","description":"Ensino Fundamental, M\u00e9dio e Pr\u00e9-Enem","publisher":{"@id":"https:\/\/gilbertocampelo.com.br\/colegio\/#organization"},"potentialAction":[{"@type":"SearchAction","target":{"@type":"EntryPoint","urlTemplate":"https:\/\/gilbertocampelo.com.br\/colegio\/?s={search_term_string}"},"query-input":"required name=search_term_string"}],"inLanguage":"pt-BR"},{"@type":"Organization","@id":"https:\/\/gilbertocampelo.com.br\/colegio\/#organization","name":"Col\u00e9gio Gilberto Campelo","url":"https:\/\/gilbertocampelo.com.br\/colegio\/","logo":{"@type":"ImageObject","inLanguage":"pt-BR","@id":"https:\/\/gilbertocampelo.com.br\/colegio\/#\/schema\/logo\/image\/","url":"https:\/\/gilbertocampelo.com.br\/colegio\/wp-content\/uploads\/2020\/02\/logo-gc-quadrada-amarela.png","contentUrl":"https:\/\/gilbertocampelo.com.br\/colegio\/wp-content\/uploads\/2020\/02\/logo-gc-quadrada-amarela.png","width":1126,"height":1126,"caption":"Col\u00e9gio Gilberto Campelo"},"image":{"@id":"https:\/\/gilbertocampelo.com.br\/colegio\/#\/schema\/logo\/image\/"}}]}},"_links":{"self":[{"href":"https:\/\/gilbertocampelo.com.br\/colegio\/wp-json\/wp\/v2\/pages\/1265"}],"collection":[{"href":"https:\/\/gilbertocampelo.com.br\/colegio\/wp-json\/wp\/v2\/pages"}],"about":[{"href":"https:\/\/gilbertocampelo.com.br\/colegio\/wp-json\/wp\/v2\/types\/page"}],"author":[{"embeddable":true,"href":"https:\/\/gilbertocampelo.com.br\/colegio\/wp-json\/wp\/v2\/users\/1"}],"replies":[{"embeddable":true,"href":"https:\/\/gilbertocampelo.com.br\/colegio\/wp-json\/wp\/v2\/comments?post=1265"}],"version-history":[{"count":10,"href":"https:\/\/gilbertocampelo.com.br\/colegio\/wp-json\/wp\/v2\/pages\/1265\/revisions"}],"predecessor-version":[{"id":2059,"href":"https:\/\/gilbertocampelo.com.br\/colegio\/wp-json\/wp\/v2\/pages\/1265\/revisions\/2059"}],"wp:attachment":[{"href":"https:\/\/gilbertocampelo.com.br\/colegio\/wp-json\/wp\/v2\/media?parent=1265"}],"curies":[{"name":"wp","href":"https:\/\/api.w.org\/{rel}","templated":true}]}}